 divided by i(-8).
10
Suppose 0 = 2*m - 6*m - 3*c + 918, 5*c = m - 218. Calculate the remainder when m is divided by 29.
25
Suppose 4*a = 5*a - 37. Let x(d) = 5*d + 55. What is the remainder when a is divided by x(-9)?
7
What is the remainder when (1 - 30)*(-10 + 16 + -9) is divided by 18?
15
Suppose -6 = 8*v - 46. What is the remainder when (-12)/9*3*-5 is divided by v?
0
Suppose 0 = 23*o - 47*o + 840. What is the remainder when o is divided by 12?
11
Let m = 28 + 40. What is the remainder when m is divided by 14?
12
Let u(m) = -m**3 + m**2 - m - 7. Let z be u(-2). Suppose -56 = -z*w + 49. Calculate the remainder when 55 is divided by w.
10
Let x = -197 - -113. Let w = x - -136. What is the remainder when 101 is divided by w?
49
Let p = 1 + 1. Suppose 5*c + 2*l = -210, -c - p = 5*l + 17. What is the remainder when (29/2)/((-11)/c) is divided by 15?
13
Let d = -8 - -10. Suppose -3*c = d*c - 215. Suppose 4*f - 183 = 5*s - c, 2*f - 64 = s. What is the remainder when 87 is divided by f?
27
Suppose -69 = -4*y + 5*n + 226, -2*y = -n - 143. Suppose 0 = 2*v - 34 - 20. Let a = 51 - v. Calculate the remainder when y is divided by a.
22
Suppose -25 = 3*l + 3*h - 199, 0 = -2*l + 5*h + 123. What is the remainder when 95 is divided by l?
36
What is the remainder when 138 is divided by ((-70)/(-12) - -5)/((-4)/(-24))?
8
Let q(n) = -3*n - 13. Let c(f) = 7*f + 38. Let v(d) = -4*c(d) - 11*q(d). Calculate the remainder when 39 is divided by v(5).
7
Let d = -5 - -12. Let z = d - 1. What is the remainder when (50/4 + -1)*2 is divided by z?
5
What is the remainder when 155 is divided by (-2)/(-4) + 477/18 + -1?
25
Let k(b) = -5*b**3 - 2*b**2 - b + 233. What is the remainder when k(0) is divided by 71?
20
Suppose -293 + 3 = -10*z. What is the remainder when 347 is divided by z?
28
Let i = -231 - -283. Calculate the remainder when 627 is divided by i.
3
Suppose 0 = o + 4*o - 245. Let v = -23 + o. Calculate the remainder when v is divided by 7.
5
Suppose -5*g - 1393 = -6378. Calculate the remainder when g is divided by 20.
17
Let h = 52 - 16. Calculate the remainder when 861 is divided by h.
33
Suppose 0 = 21*t - 850 + 787. Calculate the remainder when 92 is divided by t.
2
Suppose -a = 13*t - 9*t - 77, -2*a = -5*t - 115. What is the remainder when 123 is divided by a?
58
Suppose -76 = -q + 5*x, q = 5*q - 2*x - 250. Suppose -27 - q = -4*z. Calculate the remainder when 42 is divided by z.
20
Let t = 146 + -129. Suppose 0 = -5*d - z + 26, 2*d = 2*z + 3 + t. Calculate the remainder when 27 is divided by d.
3
Let s = -625 - -749. What is the remainder when s is divided by 10?
4
Suppose -1640 = -6*z + 2*z + 5*d, -5*d - 1225 = -3*z. What is the remainder when z is divided by 13?
12
Suppose 3*b = -2*z + 24 + 73, 3*b - 3*z - 102 = 0. Calculate the remainder when -32*(28/(-8) + 3/6) is divided by b.
30
Suppose 3*r - 96 = 3*l, -2*l = -0*l + 4. What is the remainder when r is divided by (204/(-6))/(-3 + 1)?
13
Suppose -2*z + 5*g = -24, -4*g - 12 = -g. Suppose z*s + 7 = 29. Let d(f) = 2*f**2 + f. What is the remainder when s is divided by d(-2)?
5
Let k(g) = -g**3 + 16*g**2 + 25. What is the remainder when 94 is divided by k(16)?
19
Suppose 4*m - 3 = 9. Suppose -6 = -t + m*t, 0 = 2*u + 3*t - 139. Calculate the remainder when u is divided by 15.
14
Suppose -3*c = -1 - 5. Suppose -5*i = -c*i - 108. Let y(d) = d**3 + 30*d**2 + 49*d - 91. What is the remainder when y(-28) is divided by i?
33
Let t = 14 - 9. Suppose t*c = 90 - 5. What is the remainder when 66 is divided by c?
15
Let t = -448 + 468. What is the remainder when 270 is divided by t?
10
Let n(l) = 9 + 13*l - 11 + l**2 + 25. Calculate the remainder when n(-13) is divided by 10.
3
Let y(q) = 9 + 0*q - q - 11 - 23. Let o be y(0). Let p = o - -118. Calculate the remainder when p is divided by 24.
21
Suppose -5*l - 5 = 5*q, -q - 4 + 3 = -l. Suppose l = w - 5, 5*w = -u + 2*u - 26. Let i(c) = -23*c - 74. What is the remainder when u is divided by i(-4)?
15
Let f(a) = 2*a - 14. Let w(r) = -r**2 - 7*r - 8. Let l be w(-4). Let g be -26*2/(l/(-1)). Calculate the remainder when 32 is divided by f(g).
8
Suppose 240 = m + 3*m. Suppose 2*u - 4*h - 2 = 0, 4*u - m + 20 = -h. Calculate the remainder when 23 is divided by u.
5
Let h(o) = o + 9. Let j(f) = -f**2 - f + 7. Let z be j(-3). Let t be (-7 - -2) + z + -1. What is the remainder when h(t) is divided by 3?
1
Let u(w) = -w + 4. Let a be u(2). Suppose -n + 101 = 9. Suppose -a*k - 2*k = -n. What is the remainder when k is divided by 12?
11
Suppose -209*a = -203*a - 288. Calculate the remainder when 138 is divided by a.
42
Let c be (-1792)/20 + 8/5. Let x be (-1)/3 - 14/(-6). What is the remainder when 41 is divided by ((-1)/x)/(2/c)?
19
Let z(g) = g**2 - g - 310. Calculate the remainder when 55 is divided by z(19).
23
Suppose -h + 2 = -7. Suppose 3*j + 3*a - 40 = 17, 4*j = -2*a + 68. Let i = 19 - j. What is the remainder when h is divided by i?
1
Suppose 0 = -d + 6*d - n - 28, 2*n - 9 = -3*d. Suppose -3*a + 48 + 387 = 0. Suppose a - 133 = 4*i. What is the remainder when d is divided by i?
2
Calculate the remainder when 1443917/804 + (-2)/(-24) is divided by 29.
27
Let k(y) = 20*y + 344. Calculate the remainder when (14/(-5))/((-1)/5) is divided by k(-17).
2
Let j = -101 - -118. Calculate the remainder when 47 is divided by j.
13
Let g = 45 + -21. What is the remainder when g is divided by ((-11)/220*-48)/(3/10)?
0
Let g(d) = -d**3 - 7*d**2 - 7*d - 1. Let s be g(-6). Suppose -s*a = -0*a - 355. What is the remainder when a is divided by 6/2 + 28 + -7?
23
Suppose -2*v + 51 + 179 = 0. What is the remainder when v is divided by 59?
56
Let k(d) = -d**2 + 23*d - 85. What is the remainder when 49 is divided by k(16)?
22
Suppose 0 = 9*l - 50 - 238. What is the remainder when 45 is divided by l?
13
Let a = 3 - -4. Let m = -3 + a. Calculate the remainder when 21 is divided by 46/m + 9/(-18).
10
Let q = 84 - -92. What is the remainder when q/(-6)*36/(-12) is divided by 30?
28
Suppose t + 3*u = 66 + 2, 180 = 2*t - 5*u. Calculate the remainder when 159 is divided by t.
79
Suppose -29 = d - 2*d. Let a = -53 + 36. Let b = -9 - a. Calculate the remainder when d is divided by b.
5
Let z(b) = -3*b - b**2 + 7 - 15 - 8 - 6*b. Calculate the remainder when 3 is divided by z(-6).
1
Let l(o) = -o - 4. Let q be l(-4). Let r = q + -1. Let m(w) = 6*w**2 + w + 1. Calculate the remainder when m(r) is divided by 4.
2
Suppose -10 = -4*x + 2. Suppose x*q = -6 + 24. What is the remainder when 21 is divided by q?
3
Suppose 5*p + 5*t = 1410, -156*t = -151*t. What is the remainder when p is divided by 16?
10
Let o = 9 + -5. Suppose -4*h + 5*q + 105 = 0, -o*q + 13 - 1 = 0. Let z(l) = -l**2 - 17*l - 14. What is the remainder when z(-8) is divided by h?
28
Let r be 282/8 - 6/24. Let k = r + -2. What is the remainder when 64 is divided by k?
31
Suppose -469 = -23*r - 55. Let c(w) = w**3 + 5*w**2 - 7*w - 2. What is the remainder when c(-5) is divided by r?
15
Let b = -13 + 21. Let q = 16 + -11. What is the remainder when q is divided by ((-2)/6)/(b/(-96))?
1
Calculate the remainder when 79 is divided by (-70)/(-1)*8*15/200.
37
Suppose -4*t = -4*v - 268, 4*v = 5*t - 3*t - 130. Suppose -j - 3*o = 2, -2*j + o = -3*o - 16. What is the remainder when t is divided by j/(-18) + (-872)/(-36)?
21
Let i(r) = r**3 - 6*r**2 + 7*r + 3. Suppose -4*x - 3*n = -28 + 1, n = x - 5. Calculate the remainder when i(x) is divided by 16.
13
Let g = -4 + 6. Calculate the remainder when 1*(4 - 7) + 5 is divided by g.
0
Let z = 30 + -59. Let q = 48 + z. Calculate the remainder when 113 is divided by q.
18
Let f be (-3 + -22)/(1/(-2)). Let p = f + -29. Calculate the remainder when 32*2 - 4/(-8)*-6 is divided by p.
19
Let a(s) = 3*s**2 + s. Let z be a(1). Let t(o) = -5 + 10 - z - 2*o**2 - 20*o**3. What is the remainder when 75 is divided by t(-1)?
18
Suppose 2*t - 330 = -t. Let r(x) = -5*x + 23. Calculate the remainder when t is divided by r(-1).
26
Suppose -2*j - 16*i + 51 = -15*i, 0 = -3*i + 9. What is the remainder when 110 is divided by j?
14
Suppose -h + 4*h - 81 = -q, -2*q = 5*h - 158. Suppose 0*w + 11 = w. Let g = 29 - w. Calculate the remainder when q is divided by g.
15
Suppose m - 11 = -2*b, 24 = 5*b - 3*m + 2. Let k(z) = -z**2 + 20*z - 4. Le